of 16 and o.
4
Suppose m - 3*m = 0. Suppose 5*s - c = 3*c, m = 4*c. Suppose l + s = 22. What is the greatest common divisor of 55 and l?
11
Let u be 36/(-126) - (-9)/7. Suppose -v + 3*v = 22. Calculate the highest common divisor of u and v.
1
Let k(s) = 2*s**2 + s. Let a be k(-2). Let n = 3 - a. Let x be 6*-5*3/n. What is the highest common divisor of 15 and x?
15
Let j be (4 + (-3)/(-1))*8. Suppose -2*l + j = -0*l. What is the highest common divisor of 56 and l?
28
Suppose -29 = -4*y + 59. What is the greatest common divisor of y and 88?
22
Suppose 4*n - 3*n = 13. Let a be 267/21 - 4/(-14). What is the highest common factor of a and n?
13
Suppose 3*q - 7*m + 2*m - 101 = 0, 3*m = 3*q - 93. Let l = q - 9. What is the greatest common factor of l and 12?
6
Suppose 4*g + 98 = -234. Let t = g - -174. What is the highest common divisor of 13 and t?
13
Let s(y) = y**3 + 8*y**2 - 14*y + 9. Let r be s(-9). What is the greatest common factor of 36 and r?
18
Suppose 5*k + 3*l = 99, 2*l = 4*k - l - 63. Suppose 48 = 4*a + 12. Calculate the greatest common factor of k and a.
9
Let g(q) = 3*q**2 + 4*q + 3. Let s = -7 - -5. Let f be g(s). Let a = -11 + 18. What is the highest common divisor of f and a?
7
Let j(h) = h**2 - 3*h - 10. Let b be j(6). Calculate the greatest common factor of 4 and b.
4
Let n be 0 + (-7)/((-14)/4). Calculate the highest common divisor of n and 4.
2
Let z = 53 - 20. Calculate the greatest common factor of 11 and z.
11
Let y(d) = 4*d + 5. Let m be y(4). What is the greatest common divisor of m and 189?
21
Let m(g) = 3*g - 3. Let d(r) = 2*r - 2. Let c be d(2). Let f be m(c). Suppose 0 = -n + 5 + f. What is the greatest common divisor of n and 24?
8
Let v(l) = -2*l**2 + 4*l**2 - l + 6*l**2 - 4*l**2 + 5. Let g be v(4). Calculate the greatest common factor of g and 13.
13
Suppose -3*l + 12 = -0*l. Let t(u) = 13*u + 8. Let i be t(l). Calculate the greatest common factor of 24 and i.
12
Let a be (65/(-15))/((-4)/12). What is the greatest common divisor of a and 91?
13
Suppose 10 = 12*r - 14*r. Let z be r/(5/4) + 7. What is the highest common divisor of 30 and z?
3
Let o be (-5)/2*(-12)/15. Let x be o + 0 - -1*6. Suppose g = 4*v + 84, 0 = -0*g + 2*g + 2*v - 118. What is the highest common divisor of x and g?
8
Let d = 1 - -3. Suppose d*h + 2*c + c = 2, 2*h + 3*c - 4 = 0. Let g(v) = -40*v**3 + v**2 - 1. Let a be g(h). What is the greatest common factor of a and 10?
10
Let a = 229 + -117. Suppose -2*j - 15 = -5*j. Suppose -4*q + 54 = 3*d, -2*d = j*q - 44 + 1. Calculate the greatest common factor of d and a.
14
Let k(q) = -2*q**3 + 9*q**2 + 3*q - 3. Let m(v) = -v**3 + v**2 - 1. Let r(g) = -k(g) + 5*m(g). Let c be r(-2). Calculate the greatest common factor of 36 and c.
12
Let z = -1 + 7. Suppose k - 4*g - 5 = 0, 28 = 2*k + 4*g + z. What is the greatest common divisor of k and 36?
9
Let n = 10 + -4. Let m be 63/n + (-2)/(-4). Calculate the greatest common divisor of m and 33.
11
Suppose m + m - 2*q = 30, -5*m = q - 105. What is the greatest common factor of 30 and m?
10
Suppose -2*p = 2*p - 552. Let g = -73 + p. Let t be (-1)/(14/(-13) + 1). What is the greatest common factor of g and t?
13
Let t = -7 + 14. Suppose -t = -5*x + 4*x. Let d be (20 - x) + 1/1. Calculate the highest common divisor of 14 and d.
14
Suppose -2*g - t = 2*t + 38, 64 = -4*g - 3*t. Let u = g + 22. Suppose 2*h = h + 99. Calculate the greatest common factor of u and h.
9
Let d(w) = 2*w + 1. Let y be d(4). Let v = -3 - -8. Let u = v + 1. What is the highest common factor of y and u?
3
Let h(o) be the first derivative of o**4/4 - 5*o**3/3 - 2*o**2 - 5*o - 4. Let a be h(6). Let p = a + -5. What is the highest common factor of 3 and p?
1
Suppose 2*x - w - 49 = 0, 4*w - 20 = 4*x - 5*x. Calculate the greatest common factor of 12 and x.
12
Let h(n) = n**3 - 4*n**2 + n + 1. Let r be h(4). Suppose -697 = -r*o + 458. Calculate the greatest common factor of 21 and o.
21
Suppose 2*r - 4*u - 132 = 0, 257 = r + 3*r - u. Suppose -72 = -52*t + 43*t. What is the greatest common divisor of t and r?
8
Let c = -22 + 23. Calculate the greatest common factor of c and 11.
1
Suppose 0*p - 5*p + 4 = -4*m, p + 4*m = -4. Suppose -v + 2*v = 3*j, 0 = 2*v - 3*j. Let x be 0 + p + (7 - v). Calculate the greatest common divisor of 7 and x.
7
Suppose 5*c - k = 245, 2*c = -k + 61 + 37. What is the greatest common divisor of c and 7?
7
Let l be (-7416)/(-56) - 3/7. What is the highest common divisor of 12 and l?
12
Suppose q + 5*f = -16, 3 - 4 = -5*q + 2*f. Let n be 4 - q - (0 + -1). What is the greatest common factor of n and 15?
3
Let r = -215 + 255. Let d be 1/2*(18 - -2). Calculate the greatest common divisor of r and d.
10
Let i be ((-6)/(-4))/(6/8). Suppose -5*g = -g. Suppose g*y - 2*y = -4. What is the greatest common divisor of i and y?
2
Suppose 0 = 4*v - 4*c - 316, 87 = v - 8*c + 3*c. Let a = 75 + 50. Let p = a - v. Calculate the highest common factor of 16 and p.
16
Let h(b) = b**2 + 8*b + 11. Let d be h(-14). What is the greatest common factor of 38 and d?
19
Let w be (4/(-12))/((-1)/27 + 0). What is the highest common divisor of 72 and w?
9
Let m be (9/(-6))/(6/(-88)). Calculate the greatest common factor of m and 66.
22
Let w = 15 - 0. Let c be 9/(-12) + w/4. What is the greatest common factor of 3 and c?
3
Let u(o) = o**3 + 7*o**2 + 5*o - 3. Let g be u(-5). Let w = g + -14. Calculate the greatest common divisor of 8 and w.
8
Suppose 62 - 487 = -5*o. What is the greatest common divisor of o and 34?
17
Let l = 18 - 7. Let o be 0 - (-1)/(-1) - -34. Calculate the greatest common factor of o and l.
11
Suppose 5*f - 184 = f. Calculate the greatest common factor of f and 23.
23
Let r = -3 + 7. Suppose 5*q - 5*g - 44 = -9, -r*q + 22 = -g. Suppose 56 = q*o + 6. What is the highest common factor of o and 40?
10
Suppose 4 = -2*d + 2. Let p be 1 - d - 0 - -19. Suppose 2*s - p = -5. Calculate the greatest common factor of s and 20.
4
Suppose -u + 26 - 8 = 3*c, -4*u - 4*c + 32 = 0. Calculate the highest common divisor of 9 and u.
3
Let p be 3*-1 + 828/12. Suppose 0 = -4*h + 16 + 8. What is the highest common divisor of p and h?
6
Let v be 27 - ((-1 - -2)*2)/(-2). Calculate the greatest common factor of 70 and v.
14
Let f(s) = s**2 + 5*s - 9. Let k be f(-7). Suppose b = k*b - 28. Calculate the greatest common factor of b and 28.
7
Suppose 4*d - 5*l - 236 = 206, 5*l + 10 = 0. What is the greatest common divisor of d and 54?
54
Let u be 100/2 - (3 + -2). Suppose -287 = -4*f + u. Suppose -67 = -5*l - 5*c - 12, -c - 13 = -l. Calculate the greatest common factor of l and f.
12
Let k = 19 + -7. What is the highest common factor of k and 18?
6
Let l = 4 - 4. Suppose l*q + 10 = 2*q. What is the greatest common divisor of q and 25?
5
Let r = 123 + -102. Let q be ((-1)/((-2)/2))/1. Let w be (47/5 - q)*5. Calculate the highest common factor of r and w.
21
Suppose -2*y = -2*u, -4*u = 5*y - 38 + 2. Suppose -y*o + 2*o - 3*x = -25, o - 5*x - 32 = 0. Calculate the highest common divisor of o and 187.
17
Let z be -12*(-1)/((-4)/(-5)). What is the highest common divisor of z and 5?
5
Suppose 0 = 2*p - 0*p. Suppose -4*j + j + 42 = p. Let b be 88/6*21/2. What is the greatest common factor of j and b?
14
Let v(u) = 32*u**2 - 3*u - 4. Let o be v(3). Calculate the greatest common factor of 25 and o.
25
Let r = 39 - 26. Calculate the greatest common divisor of 117 and r.
13
Let d = -23 + 11. Let x = d + 22. What is the greatest common divisor of x and 50?
10
Let h(w) = -2*w**3 - 2*w. Let x be h(-2). Suppose -j - 32 = -3*y, 0 = -0*j + 5*j - x. What is the highest common factor of 36 and y?
12
Let q = -56 + 78. What is the greatest common factor of q and 154?
22
Suppose -24 + 0 = -4*s. Let o be 4/2 + -1 + 2. Suppose u = o*u - 8, -u = 3*a - 13. What is the greatest common divisor of s and a?
3
Let i(g) = 5*g**2 + 7*g + 5. Let t be i(-5). Calculate the greatest common divisor of 19 and t.
19
Let r = 76 + -20. Suppose 0 = -s + 3*s - r. What is the greatest common divisor of 70 and s?
14
Let p(o) = -o**3 + 11*o**2 + 3. Let r be p(11). What is the greatest common factor of 3 and r?
3
Let g(z) = -12*z - 32*z - 22*z. Let b = 13 - 15. Let y be g(b). What is the highest common factor of y and 12?
12
Suppose -2*c - 28 = -5*m, -m - 5*c + 10 =